{"id":81,"date":"2021-05-14T11:51:17","date_gmt":"2021-05-14T11:51:17","guid":{"rendered":"https:\/\/taxiverband-hessen.de\/?page_id=81"},"modified":"2025-10-10T12:56:01","modified_gmt":"2025-10-10T10:56:01","slug":"der-vorstand-stellt-sich-vor","status":"publish","type":"page","link":"https:\/\/taxiverband-hessen.de\/?page_id=81","title":{"rendered":"Der Vorstand stellt sich vor"},"content":{"rendered":"\n<p><p>Der neue 1. Vorsitzender stellt sich vor<\/p><br><p>\u00a0<\/p><\/p>\n\n\n\n<div class=\"wp-block-columns is-layout-flex wp-container-core-columns-is-layout-1 wp-block-columns-is-layout-flex\">\n<div class=\"wp-block-column is-layout-flow wp-block-column-is-layout-flow\" style=\"flex-basis:100%\">\n<div class=\"wp-block-media-text alignwide is-stacked-on-mobile is-vertically-aligned-top\" style=\"grid-template-columns:15% auto\"><figure class=\"wp-block-media-text__media\"><img loading=\"lazy\" decoding=\"async\" width=\"86\" height=\"156\" src=\"https:\/\/taxiverband-hessen.de\/wp-content\/uploads\/2021\/05\/Kratz_Vorstand.jpg\" alt=\"\" class=\"wp-image-65 size-full\"\/><\/figure><div class=\"wp-block-media-text__content\">\n<ol>\n<li><\/li>\n<\/ol>\n\n\n\n<p><strong>Hans-Peter Kratz<\/strong> (Fl\u00f6rsheim\/Frankfurt)<\/p>\n\n\n\n<p>hans-peter.kratz@taxiverband-hessen.de<\/p>\n\n\n\n<p>Liebe Mitglieder des LVH!<\/p>\n\n\n\n<p>Leider ist die Mitgliederversammlung des Landesverbandes nur etwas d\u00fcrftig besucht, so dass ich gar nicht sagen kann, ob die Mehrheit der Mitglieder mit meiner Person als Vorsitzender einverstanden ist. Normalerweise ist es ein gutes Zeichen, wenn wenige Mitglieder teilnehmen, kann man doch davon ausgehen, dass alles in ihrem Sinne l\u00e4uft. Ich hoffe doch, dass dies auch bei dem teilweise neuen Vorstand so weitergef\u00fchrt werden kann und Sie alle mit der Verbandsarbeit zufrieden sind.<\/p>\n\n\n\n<p>Ich habe mir vorgenommen, dass wir uns mehr einmischen, vor allem politisch. Dass man uns noch mehr wahrnimmt als Wirtschaftsfaktor, gerade in der RheinMain Metropole, aber auch auf Bundesebene, zumindest in unserem Bundesverband. Und uns mehr als W\u00e4hler sch\u00e4tzt und ernst nimmt. Ich hoffe, dass wir dies nicht wieder mit einer Kundgebung unterstreichen m\u00fcssen, aber wenn doch, sollten wir viele sein. Das Taxigewerbe in der RheinMain Metropole ist ein wesentlicher Grundpfeiler f\u00fcr die wirtschaftliche und touristische Entwicklung. Und dies wollen wir auch so gew\u00fcrdigt sehen. Unser 24\/7 Service zu staatlichen Tarifen ist keineswegs selbstverst\u00e4ndlich und muss durch die Politik und Wirtschaft unterst\u00fctzt und somit am Leben gehalten werden. Aber auch in den l\u00e4ndlichen Gebieten ist das Taxi ein unersetzlicher Garant f\u00fcr Mobilit\u00e4t. Ob Kinder in die Schule, erkrankte oder mobilit\u00e4tseingeschr\u00e4nkte Menschen zur Behandlung oder Therapie. Da will kein anderer Anbieter ran und der restliche \u00d6PNV zieht sich auch immer mehr zur\u00fcck. Hier ist das Taxi unverzichtbar, gerade auch um den \u00d6PNV mit sinnvollen Fahrzeuggr\u00f6\u00dfen umweltfreundlich und wirtschaftlich zu erg\u00e4nzen oder zu ersetzten. Diese win-win-win Situation muss nun in die K\u00f6pfe der Politik und der Verkehrsverb\u00fcnde. Die Bev\u00f6lkerung bekommt wieder Mobilit\u00e4t, der \u00d6PNV kann unrentable Linien einstellen und der Steuerzahler muss nicht mehr so viel Subventionen in den Linienverkehr stecken. Und wenn wir die M\u00f6glichkeiten der Digitalisierung richtig nutzen, muss der Fahrgast nicht mehr durchs halbe Dorf zur Haltestelle tapern, sondern er bekommt eine T\u00fcr zu T\u00fcr Bef\u00f6rderung zum \u00d6PNV Preis. Vielleicht kann damit auch ein wenig der Landflucht Einhalt geboten werden.<\/p>\n\n\n\n<p>Es gibt viel zu tun. Ich bedanke mich f\u00fcr Ihr Vertrauen und freue mich auf die ersten Gespr\u00e4che. Deshalb meine Bitte an alle Mitglieder: Versorgen Sie uns mit Ihren Problemen vor Ort, mit Beitr\u00e4gen aus Ihrer Region f\u00fcr das Taxi-Journal, welches ja auch f\u00fcr den Landesverband schreibt. Nur so k\u00f6nnen wir auch umfassend f\u00fcr Sie t\u00e4tig werden.<\/p>\n\n\n\n<p>Auf eine gute und vertrauensvolle Zusammenarbeit,<\/p>\n\n\n\n<p>Ihr Hans-Peter Kratz<\/p>\n<\/div><\/div>\n<\/div>\n<\/div>\n","protected":false},"excerpt":{"rendered":"<p>Der neue 1. Vorsitzender stellt sich vor \u00a0 Hans-Peter Kratz (Fl\u00f6rsheim\/Frankfurt) hans-peter.kratz@taxiverband-hessen.de Liebe Mitglieder des LVH! Leider ist die Mitgliederversammlung des Landesverbandes nur etwas d\u00fcrftig besucht, so dass ich gar nicht sagen kann, ob die Mehrheit der Mitglieder mit meiner Person als Vorsitzender einverstanden ist. Normalerweise ist es ein gutes<\/p>\n","protected":false},"author":1,"featured_media":0,"parent":0,"menu_order":0,"comment_status":"closed","ping_status":"closed","template":"","meta":{"footnotes":""},"_links":{"self":[{"href":"https:\/\/taxiverband-hessen.de\/index.php?rest_route=\/wp\/v2\/pages\/81"}],"collection":[{"href":"https:\/\/taxiverband-hessen.de\/index.php?rest_route=\/wp\/v2\/pages"}],"about":[{"href":"https:\/\/taxiverband-hessen.de\/index.php?rest_route=\/wp\/v2\/types\/page"}],"author":[{"embeddable":true,"href":"https:\/\/taxiverband-hessen.de\/index.php?rest_route=\/wp\/v2\/users\/1"}],"replies":[{"embeddable":true,"href":"https:\/\/taxiverband-hessen.de\/index.php?rest_route=%2Fwp%2Fv2%2Fcomments&post=81"}],"version-history":[{"count":5,"href":"https:\/\/taxiverband-hessen.de\/index.php?rest_route=\/wp\/v2\/pages\/81\/revisions"}],"predecessor-version":[{"id":503,"href":"https:\/\/taxiverband-hessen.de\/index.php?rest_route=\/wp\/v2\/pages\/81\/revisions\/503"}],"wp:attachment":[{"href":"https:\/\/taxiverband-hessen.de\/index.php?rest_route=%2Fwp%2Fv2%2Fmedia&parent=81"}],"curies":[{"name":"wp","href":"https:\/\/api.w.org\/{rel}","templated":true}]}}