{"id":468,"date":"2024-07-13T18:36:12","date_gmt":"2024-07-13T16:36:12","guid":{"rendered":"https:\/\/taxiverband-hessen.de\/?page_id=468"},"modified":"2025-10-27T15:19:19","modified_gmt":"2025-10-27T13:19:19","slug":"home","status":"publish","type":"page","link":"https:\/\/taxiverband-hessen.de\/","title":{"rendered":"Home"},"content":{"rendered":"<p>Ihr Taxiverband in Hessen<\/p>\n<p>Willkommen beim Landesverband Hessen f\u00fcr das Personenbef\u00f6rderungsgewerbe e.V.<\/p>\n<p>\u25cf Ihr Taxiverband in Hessen Der Landesverband Hessen ist Mitglied im Bundesverband TAXI vorher (BZP) und damit auch in der IRU vertreten.<\/p>\n<p>Somit wird f\u00fcr das hessische Taxigewerbe eine f\u00fcr Deutschland und auch \u00fcber Europa hinausgehende verbandspolitische Arbeit sichergestellt!<\/p>\n<h1><span style=\"color: #ff0000;\"><strong>Deutscher Taxi und Mietwagentag<\/strong><\/span><\/h1>\n\n\n<figure class=\"wp-block-image size-large is-resized\"><a href=\"https:\/\/taxiverband-hessen.de\/wp-content\/uploads\/2025\/10\/programmflyer2025_hessen.pdf\" target=\"_blank\" rel=\"noreferrer noopener\"><img loading=\"lazy\" decoding=\"async\" width=\"267\" height=\"150\" src=\"https:\/\/taxiverband-hessen.de\/wp-content\/uploads\/2025\/10\/Deutscher-Taxitag-1-267x150.jpg\" alt=\"\" class=\"wp-image-509\" style=\"width:461px;height:auto\" srcset=\"https:\/\/taxiverband-hessen.de\/wp-content\/uploads\/2025\/10\/Deutscher-Taxitag-1-267x150.jpg 267w, https:\/\/taxiverband-hessen.de\/wp-content\/uploads\/2025\/10\/Deutscher-Taxitag-1-300x169.jpg 300w, https:\/\/taxiverband-hessen.de\/wp-content\/uploads\/2025\/10\/Deutscher-Taxitag-1-768x432.jpg 768w, https:\/\/taxiverband-hessen.de\/wp-content\/uploads\/2025\/10\/Deutscher-Taxitag-1-1536x864.jpg 1536w, https:\/\/taxiverband-hessen.de\/wp-content\/uploads\/2025\/10\/Deutscher-Taxitag-1.jpg 2000w\" sizes=\"(max-width: 267px) 100vw, 267px\" \/><\/a><\/figure>\n","protected":false},"excerpt":{"rendered":"<p>Ihr Taxiverband in Hessen Willkommen beim Landesverband Hessen f\u00fcr das Personenbef\u00f6rderungsgewerbe e.V. \u25cf Ihr Taxiverband in Hessen Der Landesverband Hessen ist Mitglied im Bundesverband TAXI vorher (BZP) und damit auch in der IRU vertreten. Somit wird f\u00fcr das hessische Taxigewerbe eine f\u00fcr Deutschland und auch \u00fcber Europa hinausgehende verbandspolitische Arbeit<\/p>\n","protected":false},"author":1,"featured_media":0,"parent":0,"menu_order":0,"comment_status":"closed","ping_status":"closed","template":"","meta":{"footnotes":""},"_links":{"self":[{"href":"https:\/\/taxiverband-hessen.de\/index.php?rest_route=\/wp\/v2\/pages\/468"}],"collection":[{"href":"https:\/\/taxiverband-hessen.de\/index.php?rest_route=\/wp\/v2\/pages"}],"about":[{"href":"https:\/\/taxiverband-hessen.de\/index.php?rest_route=\/wp\/v2\/types\/page"}],"author":[{"embeddable":true,"href":"https:\/\/taxiverband-hessen.de\/index.php?rest_route=\/wp\/v2\/users\/1"}],"replies":[{"embeddable":true,"href":"https:\/\/taxiverband-hessen.de\/index.php?rest_route=%2Fwp%2Fv2%2Fcomments&post=468"}],"version-history":[{"count":4,"href":"https:\/\/taxiverband-hessen.de\/index.php?rest_route=\/wp\/v2\/pages\/468\/revisions"}],"predecessor-version":[{"id":515,"href":"https:\/\/taxiverband-hessen.de\/index.php?rest_route=\/wp\/v2\/pages\/468\/revisions\/515"}],"wp:attachment":[{"href":"https:\/\/taxiverband-hessen.de\/index.php?rest_route=%2Fwp%2Fv2%2Fmedia&parent=468"}],"curies":[{"name":"wp","href":"https:\/\/api.w.org\/{rel}","templated":true}]}}